0
Convert b2fc (base 16) to base 4.
23023330
-263 (base 11) to base 7
-623
What is 100011010 (base 2) in base 12?
1b6
-11011111 (base 2) to base 15
-ed
Convert -1179a (base 11) to base 14.
-6252
-c147 (base 14) to base 8
-100643
-452 (base 6) to base 8
-260
What is 55315 (base 8) in base 13?
a771
4618 (base 10) to base 2
1001000001010
-c455 (base 13) to base 3
-1101012002
Convert -12121011 (base 3) to base 5.
-112311
-60a (base 13) to base 11
-851
Convert -79d7 (base 15) to base 14.
-95c8
Convert -1981 (base 12) to base 9.
-4247
5 (base 7) to base 15
5
What is 320431 (base 5) in base 16?
29f5
-221453 (base 6) to base 16
-4869
Convert 5223 (base 11) to base 9.
10441
What is 764 (base 9) in base 7?
1552
Convert -2432b (base 12) to base 10.
-48851
-2232 (base 4) to base 8
-256
What is -477 (base 9) in base 6?
-1454
What is -4470 (base 13) in base 6?
-112123
What is 17254 (base 8) in base 6?
100204
What is -1000011001 (base 2) in base 6?
-2253
-20002000 (base 4) to base 2
-1000000010000000
2131 (base 6) to base 4
13213
What is 662 (base 9) in base 8?
1036
Convert 47302 (base 9) to base 14.
b728
1375b (base 12) to base 11
19315
What is 10101 (base 5) in base 10?
651
-2498 (base 13) to base 2
-1010001001011
Convert -151 (base 16) to base 8.
-521
1132 (base 8) to base 10
602
Convert 491 (base 13) to base 6.
3402
1001111110111000 (base 2) to base 10
40888
What is 22a (base 13) in base 4?
11312
What is 14022 (base 5) in base 14?
5b3
Convert 50012 (base 6) to base 15.
1dc8
-306 (base 12) to base 5
-3223
Convert -2110102 (base 3) to base 4.
-130001
1cc (base 14) to base 13
22c
-131 (base 10) to base 3
-11212
Convert -2311201 (base 4) to base 16.
-2d61
What is -375b (base 13) in base 5?
-222400
Convert -213 (base 15) to base 10.
-468
What is -1535 (base 8) in base 5?
-11421
What is -2a11 (base 13) in base 12?
-3642
What is -13401 (base 9) in base 15?
-2a4d
-3d6 (base 14) to base 8
-1410
Convert 113224 (base 9) to base 13.
24c34
Convert 1201 (base 3) to base 7.
64
What is -c3 (base 14) in base 11?
-146
-1142134 (base 5) to base 2
-101010000101000
What is -1751 (base 8) in base 4?
-33221
What is 121200 (base 5) in base 7?
16160
Convert 2100223 (base 4) to base 16.
242b
Convert -21110 (base 4) to base 10.
-596
What is 10312 (base 4) in base 16?
136
Convert -1235 (base 8) to base 13.
-3c6
What is 23775 (base 8) in base 7?
41563
Convert 1dd (base 15) to base 14.
22d
Convert 1026 (base 10) to base 12.
716
What is 2320 (base 6) in base 15?
26c
What is 4732 (base 15) in base 7?
62042
Convert 22 (base 9) to base 12.
18
13320 (base 4) to base 5
4004
Convert 582a (base 12) to base 7.
40435
What is 403 (base 13) in base 6?
3051
27b9 (base 13) to base 5
140404
-1c05 (base 15) to base 11
-4628
-3160 (base 16) to base 11
-9551
Convert -333 (base 13) to base 11.
-45a
1023112 (base 5) to base 8
41602
What is -2201 (base 3) in base 6?
-201
Convert -344 (base 11) to base 15.
-1c6
Convert 353011 (base 6) to base 11.
20984
13 (base 13) to base 14
12
Convert 10240 (base 5) to base 16.
2b7
Convert 8ac (base 15) to base 11.
1524
Convert -44231 (base 6) to base 10.
-6139
-1024 (base 5) to base 14
-9d
What is 10003 (base 4) in base 7?
520
32240 (base 5) to base 4
202103
b66 (base 12) to base 16
67e
What is -1547 (base 8) in base 7?
-2353
1420 (base 5) to base 8
353
Convert -151012 (base 9) to base 2.
-10110100110110010
Convert 3210 (base 12) to base 14.
1dda
What is 1790 (base 12) in base 16?
b1c
What is -16b51 (base 12) in base 16?
-7fed
3264 (base 7) to base 3
1121110
-24a46 (base 11) to base 3
-1211012101
Convert -12020 (base 5) to base 11.
-735
-982 (base 13) to base 15
-737
Convert -1263 (base 11) to base 12.
-b4a
What is 17263 (base 9) in base 6?
131003
Convert -88b (base 16) to base 7.
-6243
4363 (base 10) to base 15
145d
Convert -140004 (base 5) to base 14.
-20a1
What is 8b33 (base 12) in base 15?
489c
What is 635 (base 15) in base 2?
10101111000
What is aa4 (base 12) in base 2?
11000011100
Convert -3966 (base 15) to base 4.
-2333112
-1113021 (base 4) to base 15
-19bc
What is -11532 (base 8) in base 9?
-6714
Convert -55620 (base 7) to base 8.
-33314
What is -1201002211 (base 3) in base 5?
-2033420
-304 (base 14) to base 4
-21100
1004122 (base 5) to base 10
16162
Convert aa1 (base 15) to base 7.
10000
33232 (base 4) to base 8
1756
-120020 (base 3) to base 14
-215
What is -11a (base 11) in base 9?
-167
Convert -537a1 (base 11) to base 9.
-128180
3510 (base 11) to base 6
33201
ac5 (base 15) to base 2
100110000011
What is 7623 (base 8) in base 13?
1a79
What is 323311 (base 4) in base 2?
111011110101
-11100110001000 (base 2) to base 11
-1007a
Convert 365a (base 11) to base 5.
123114
Convert -1001100110111 (base 2) to base 14.
-1b15
Convert -2202 (base 4) to base 12.
-116
-6db0 (base 15) to base 13
-a815
What is 18641 (base 13) in base 9?
71668
What is -204344 (base 5) in base 3?
-100101200
What is -35592 (base 12) in base 4?
-101133332
What is -26546 (base 11) in base 5?
-2203143
214511 (base 7) to base 6
450132
12154 (base 8) to base 16
146c
8356 (base 13) to base 3
220220101
What is -1144110 (base 6) in base 14?
-180b0
What is -1212220020 (base 3) in base 6?
-443440
What is -2a02 (base 12) in base 10?
-4898
-101202012 (base 3) to base 10
-7835
Convert 23332 (base 8) to base 4.
2123122
Convert -11241 (base 5) to base 12.
-585
What is 58 (base 15) in base 4?
1103
Convert 2837 (base 12) to base 5.
122101
What is 13b (base 16) in base 2?
100111011
What is 551 (base 9) in base 15?
201
-343341 (base 5) to base 6
-133054
51400 (base 6) to base 15
2060
What is -111214 (base 7) in base 14?
-7244
What is -102201212 (base 3) in base 13?
-3b81
Convert 9f0 (base 16) to base 14.
cda
10858 (base 10) to base 16
2a6a
What is -11128 (base 11) in base 6?
-202351
What is -10000012121 (base 3) in base 13?
-20c3b
26012 (base 10) to base 15
7a92
What is -453 (base 10) in base 2?
-111000101
Convert 420 (base 6) to base 5.
1111
What is -32604 (base 9) in base 16?
-547f
What is -720 (base 12) in base 5?
-13112
What is 36f8 (base 16) in base 15?
4282
What is -134037 (base 8) in base 2?
-1011100000011111
Convert -2013210 (base 4) to base 5.
-234201
1250 (base 7) to base 11
3a3
What is 1001111101 (base 2) in base 16?
27d
What is 984a (base 14) in base 12?
132a2
4203 (base 10) to base 4
1001223
-7dbd (base 14) to base 7
-120626
What is -9767 (base 14) in base 4?
-12120233
What is 217 (base 12) in base 13?
1a8
What is 833 (base 14) in base 4?
121031
What is -1500 (base 9) in base 8?
-2156
Convert 17814 (base 11) to base 15.
75cb
-113220 (base 4) to base 3
-2002000
Convert 77a (base 15) to base 6.
11454
Convert -4153 (base 8) to base 5.
-32110
Convert -5043 (base 7) to base 9.
-2350
Convert 110033 (base 5) to base 3.
12011120
1239 (base 10) to base 12
873
Convert -22959 (base 11) to base 14.
-c0c1
Convert 46a5 (base 12) to base 3.
101211122
Convert -12171 (base 8) to base 5.
-131431
Convert -1b6a (base 15) to base 12.
-353a
1001011010011 (base 2) to base 8
11323
-101301 (base 5) to base 14
-12d8
1a0a (base 15) to base 13
2746
Convert -1120112 (base 3) to base 6.
-5152
What is 1011012 (base 3) in base 14?
442
What is -1332 (base 9) in base 3?
-1101002
-36 (base 15) to base 3
-1220
-20110201 (base 3) to base 8
-11155
1020122100 (base 3) to base 13
b217
What is 3d8 (base 14) in base 9?
1054
Convert 1155 (base 11) to base 16.
5e8
33001 (base 5) to base 11
1767
Convert -6c50 (base 15) to base 6.
-254333
What is -1032 (base 4) in base 6?
-210
Convert -3b57 (base 13) to base 5.
-233042
What is -80e (base 16) in base 8?
-4016
214567 (base 8) to base 11
4a155
-1111210 (base 3) to base 11
-911
Convert 5848 (base 10) to base 9.
8017
Convert 74 (base 9) to base 10.
67
-515 (base 6) to base 12
-13b
Convert -26047 (base 10) to base 16.
-65bf
Convert -3123021 (base 5) to base 11.
-35882
Convert -333b (base 13) to base 9.
-10722
-1528 (base 16) to base 10
-5416
Convert 10110101001001 (base 2) to base 7.
45541
-1121 (base 6) to base 12
-1a1
10001011111011 (base 2) to base 11
6801
Convert -17769 (base 11) to base 12.
-12494
Convert 2692 (base 11) to base 8.
6641
Convert 22022 (base 3) to base 6.
1012
426 (base 13) to base 4
23010
-14523 (base 6) to base 16
-933
Convert 2188 (base 9) to base 13.
977
What is 2088 (base 10